{"id":288,"date":"2011-09-08T04:46:08","date_gmt":"2011-09-08T04:46:08","guid":{"rendered":"http:\/\/www.esquinautico.cl\/nuevo\/?page_id=288"},"modified":"2015-01-13T19:20:55","modified_gmt":"2015-01-13T19:20:55","slug":"torneos","status":"publish","type":"page","link":"http:\/\/www.esquinautico.cl\/?page_id=288","title":{"rendered":"Torneos"},"content":{"rendered":"<p><img loading=\"lazy\" class=\"size-medium wp-image-1646 aligncenter\" title=\"CAMPEONATO NAC\" src=\"http:\/\/www.esquinautico.cl\/wp-content\/uploads\/2011\/09\/CAMPEONATO-NAC-276x300.jpg\" alt=\"\" width=\"276\" height=\"300\" srcset=\"http:\/\/www.esquinautico.cl\/wp-content\/uploads\/2011\/09\/CAMPEONATO-NAC-276x300.jpg 276w, http:\/\/www.esquinautico.cl\/wp-content\/uploads\/2011\/09\/CAMPEONATO-NAC.jpg 500w\" sizes=\"(max-width: 276px) 100vw, 276px\" \/><\/p>\n<p style=\"text-align: center;\">Aqu\u00ed encontrar\u00e1s informaci\u00f3n sobre los diversos torneos que se realizan periodicamente,<\/p>\n<p style=\"text-align: center;\">revisa los enlaces que se encuentran bajo el men\u00fa Torneos.<\/p>\n","protected":false},"excerpt":{"rendered":"<p>Aqu\u00ed encontrar\u00e1s informaci\u00f3n sobre los diversos torneos que se realizan periodicamente, revisa los enlaces que se encuentran bajo el men\u00fa<\/p>\n","protected":false},"author":2,"featured_media":0,"parent":0,"menu_order":0,"comment_status":"closed","ping_status":"open","template":"","meta":[],"_links":{"self":[{"href":"http:\/\/www.esquinautico.cl\/index.php?rest_route=\/wp\/v2\/pages\/288"}],"collection":[{"href":"http:\/\/www.esquinautico.cl\/index.php?rest_route=\/wp\/v2\/pages"}],"about":[{"href":"http:\/\/www.esquinautico.cl\/index.php?rest_route=\/wp\/v2\/types\/page"}],"author":[{"embeddable":true,"href":"http:\/\/www.esquinautico.cl\/index.php?rest_route=\/wp\/v2\/users\/2"}],"replies":[{"embeddable":true,"href":"http:\/\/www.esquinautico.cl\/index.php?rest_route=%2Fwp%2Fv2%2Fcomments&post=288"}],"version-history":[{"count":15,"href":"http:\/\/www.esquinautico.cl\/index.php?rest_route=\/wp\/v2\/pages\/288\/revisions"}],"predecessor-version":[{"id":5252,"href":"http:\/\/www.esquinautico.cl\/index.php?rest_route=\/wp\/v2\/pages\/288\/revisions\/5252"}],"wp:attachment":[{"href":"http:\/\/www.esquinautico.cl\/index.php?rest_route=%2Fwp%2Fv2%2Fmedia&parent=288"}],"curies":[{"name":"wp","href":"https:\/\/api.w.org\/{rel}","templated":true}]}}