{"id":6483,"date":"2016-03-28T19:00:36","date_gmt":"2016-03-28T19:00:36","guid":{"rendered":"http:\/\/www.esquinautico.cl\/?page_id=6483"},"modified":"2016-03-30T17:36:48","modified_gmt":"2016-03-30T17:36:48","slug":"world-2003","status":"publish","type":"page","link":"http:\/\/www.esquinautico.cl\/?page_id=6483","title":{"rendered":"MUNDIAL OPEN USA 2003"},"content":{"rendered":"<p><a href=\"http:\/\/www.esquinautico.cl\/wp-content\/uploads\/2016\/03\/en-el-lago-2.jpg\" rel=\"attachment wp-att-6501\"><img loading=\"lazy\" class=\"alignleft size-full wp-image-6501\" src=\"http:\/\/www.esquinautico.cl\/wp-content\/uploads\/2016\/03\/en-el-lago-2.jpg\" alt=\"en el lago 2\" width=\"600\" height=\"300\" srcset=\"http:\/\/www.esquinautico.cl\/wp-content\/uploads\/2016\/03\/en-el-lago-2.jpg 600w, http:\/\/www.esquinautico.cl\/wp-content\/uploads\/2016\/03\/en-el-lago-2-300x150.jpg 300w\" sizes=\"(max-width: 600px) 100vw, 600px\" \/><\/a>Chile se present\u00f3 con un equipo conformado por cinco atletas: los hermanos Jos\u00e9 y Javier Moreno; Tiare y Rodrigo Miranda y Rodolfo Guzm\u00e1n.<\/p>\n<p>En la pista de Orlando el resultado nacional m\u00e1s destacado fue el 16\u00ba lugar que obtuvo el equipo. En lo individual, Tiare\u00a0Miranda alcanz\u00f3 las mejores ubicaciones tras rematar en el 19\u00ba lugar en overall y en la 20\u00ba plaza en figuras.<\/p>\n<p><strong>RESULTADOS:<\/strong><\/p>\n<ul>\n<li>19\u00ba &#8211; Tiare Miranda &#8211; overall (1.518)<\/li>\n<li>20\u00ba &#8211; Tiare Miranda &#8211; figuras (4.240)<\/li>\n<li>24\u00ba &#8211; Rodrigo Miranda &#8211; overall (1.976)<\/li>\n<li>28\u00ba &#8211; Rodrigo Miranda &#8211; salto (56,6)<\/li>\n<li>30\u00ba &#8211; Tiare Miranda &#8211; salto (28,7)<\/li>\n<li>33\u00ba &#8211; Jos\u00e9 Moreno &#8211; overall (1.590)<\/li>\n<li>37\u00ba &#8211; Jos\u00e9 Moreno &#8211; figuras (4.180)<\/li>\n<li>39\u00ba &#8211; Rodrigo Miranda &#8211; figuras (4.000)<\/li>\n<li>42\u00ba &#8211; Tiare Miranda &#8211; slalom (3,5@14,25)<\/li>\n<li>46\u00ba &#8211; Jos\u00e9 Moreno &#8211; salto (43,9)<\/li>\n<li>49\u00ba &#8211; Rodrigo Miranda &#8211; slalom (1,25@11,25)<\/li>\n<li>49\u00ba &#8211; Javier Moreno &#8211; figuras (2.110)<\/li>\n<li>62\u00ba &#8211; Jos\u00e9 Moreno &#8211; slalom (0,5@12)<\/li>\n<li>65\u00ba &#8211; Rodolfo Guzm\u00e1n &#8211; slalom (0@12)<\/li>\n<li>72\u00ba &#8211; Javier Moreno &#8211; slalom (5,5@14,25)<\/li>\n<\/ul>\n<p><a href=\"http:\/\/www.esquinautico.cl\/wp-content\/uploads\/2016\/03\/toty-tabla-salto.jpg\" rel=\"attachment wp-att-6508\"><img loading=\"lazy\" class=\"alignleft size-full wp-image-6508\" src=\"http:\/\/www.esquinautico.cl\/wp-content\/uploads\/2016\/03\/toty-tabla-salto.jpg\" alt=\"toty tabla salto\" width=\"600\" height=\"300\" srcset=\"http:\/\/www.esquinautico.cl\/wp-content\/uploads\/2016\/03\/toty-tabla-salto.jpg 600w, http:\/\/www.esquinautico.cl\/wp-content\/uploads\/2016\/03\/toty-tabla-salto-300x150.jpg 300w\" sizes=\"(max-width: 600px) 100vw, 600px\" \/><\/a><\/p>\n","protected":false},"excerpt":{"rendered":"<p>Chile se present\u00f3 con un equipo conformado por cinco atletas: los hermanos Jos\u00e9 y Javier Moreno; Tiare y Rodrigo Miranda<\/p>\n","protected":false},"author":3,"featured_media":0,"parent":1787,"menu_order":0,"comment_status":"closed","ping_status":"closed","template":"","meta":[],"_links":{"self":[{"href":"http:\/\/www.esquinautico.cl\/index.php?rest_route=\/wp\/v2\/pages\/6483"}],"collection":[{"href":"http:\/\/www.esquinautico.cl\/index.php?rest_route=\/wp\/v2\/pages"}],"about":[{"href":"http:\/\/www.esquinautico.cl\/index.php?rest_route=\/wp\/v2\/types\/page"}],"author":[{"embeddable":true,"href":"http:\/\/www.esquinautico.cl\/index.php?rest_route=\/wp\/v2\/users\/3"}],"replies":[{"embeddable":true,"href":"http:\/\/www.esquinautico.cl\/index.php?rest_route=%2Fwp%2Fv2%2Fcomments&post=6483"}],"version-history":[{"count":5,"href":"http:\/\/www.esquinautico.cl\/index.php?rest_route=\/wp\/v2\/pages\/6483\/revisions"}],"predecessor-version":[{"id":6509,"href":"http:\/\/www.esquinautico.cl\/index.php?rest_route=\/wp\/v2\/pages\/6483\/revisions\/6509"}],"up":[{"embeddable":true,"href":"http:\/\/www.esquinautico.cl\/index.php?rest_route=\/wp\/v2\/pages\/1787"}],"wp:attachment":[{"href":"http:\/\/www.esquinautico.cl\/index.php?rest_route=%2Fwp%2Fv2%2Fmedia&parent=6483"}],"curies":[{"name":"wp","href":"https:\/\/api.w.org\/{rel}","templated":true}]}}