{"id":8088,"date":"2018-05-17T03:04:47","date_gmt":"2018-05-17T03:04:47","guid":{"rendered":"http:\/\/www.esquinautico.cl\/?page_id=8088"},"modified":"2018-05-17T03:04:47","modified_gmt":"2018-05-17T03:04:47","slug":"winnipeg-99","status":"publish","type":"page","link":"http:\/\/www.esquinautico.cl\/?page_id=8088","title":{"rendered":"WINNIPEG 99"},"content":{"rendered":"<p><img loading=\"lazy\" class=\"alignleft size-full wp-image-8089\" src=\"http:\/\/www.esquinautico.cl\/wp-content\/uploads\/2018\/05\/winni.gif\" alt=\"\" width=\"300\" height=\"339\">En los Juegos de Canad\u00e1 Chile se present\u00f3 con los hermanos Francisco, Rodrigo y Felipe Miranda y el slalomista Rodolfo Guzm\u00e1n.<\/p>\n<p>El m\u00e1s experimentado del equipo, Francisco, fue quien logr\u00f3 la actuaci\u00f3n m\u00e1s destacada al ubicarse en el noveno lugar en la final de slalom con 3 y media boyas a 12 metros. \u201cKill\u00edn\u201d tambi\u00e9n fue 10\u00ba en salto con 49,9 metros; mientras que Rodrigo ocup\u00f3 el mismo lugar en la final de figuras.<\/p>\n<p>Rodolfo Guzm\u00e1n remat\u00f3 d\u00e9cimo en slalom con una boya menos que Francisco Miranda. Felipe, en tanto, y en que lo signific\u00f3 su debut panamericano solo compiti\u00f3 en figuras marcando 3.950 puntos que lo dejaron en el 15\u00ba lugar.<\/p>\n","protected":false},"excerpt":{"rendered":"<p>En los Juegos de Canad\u00e1 Chile se present\u00f3 con los hermanos Francisco, Rodrigo y Felipe Miranda y el slalomista Rodolfo<\/p>\n","protected":false},"author":2,"featured_media":0,"parent":0,"menu_order":0,"comment_status":"closed","ping_status":"closed","template":"","meta":[],"_links":{"self":[{"href":"http:\/\/www.esquinautico.cl\/index.php?rest_route=\/wp\/v2\/pages\/8088"}],"collection":[{"href":"http:\/\/www.esquinautico.cl\/index.php?rest_route=\/wp\/v2\/pages"}],"about":[{"href":"http:\/\/www.esquinautico.cl\/index.php?rest_route=\/wp\/v2\/types\/page"}],"author":[{"embeddable":true,"href":"http:\/\/www.esquinautico.cl\/index.php?rest_route=\/wp\/v2\/users\/2"}],"replies":[{"embeddable":true,"href":"http:\/\/www.esquinautico.cl\/index.php?rest_route=%2Fwp%2Fv2%2Fcomments&post=8088"}],"version-history":[{"count":1,"href":"http:\/\/www.esquinautico.cl\/index.php?rest_route=\/wp\/v2\/pages\/8088\/revisions"}],"predecessor-version":[{"id":8090,"href":"http:\/\/www.esquinautico.cl\/index.php?rest_route=\/wp\/v2\/pages\/8088\/revisions\/8090"}],"wp:attachment":[{"href":"http:\/\/www.esquinautico.cl\/index.php?rest_route=%2Fwp%2Fv2%2Fmedia&parent=8088"}],"curies":[{"name":"wp","href":"https:\/\/api.w.org\/{rel}","templated":true}]}}