{"id":8714,"date":"2019-05-04T05:19:10","date_gmt":"2019-05-04T05:19:10","guid":{"rendered":"http:\/\/www.esquinautico.cl\/?page_id=8714"},"modified":"2019-07-08T13:59:53","modified_gmt":"2019-07-08T13:59:53","slug":"mundial-u21-canada-2019","status":"publish","type":"page","link":"http:\/\/www.esquinautico.cl\/?page_id=8714","title":{"rendered":"MUNDIAL U21 &#8211; CANADA 2019"},"content":{"rendered":"\n<p><strong>\u00abVALE\u00bb GONZ\u00c1LEZ ES CAMPEONA MUNDIAL DE SALTO<\/strong><\/p>\n\n\n\n<p>Valentina Gonz\u00e1lez se consagr\u00f3 esta tarde campeona mundial de salto tras ganar la final de la rampa en el Campeonato Mundial U21 que se est\u00e1 disputando en Edmonton, Canad\u00e1.<\/p>\n\n\n\n<p>Un brinco de 47,5 metros le permiti\u00f3 a la seleccionada chilena superar a la canadiense Dominique Grondin Allard (plata con 46,1) y a la suiza Rea J\u00f6rger (bronce con 46 metros) y as\u00ed alcanzar por primera vez en su carrera un t\u00edtulo del mundo.<\/p>\n\n\n\n<p>\u00abEs un sue\u00f1o que ten\u00eda desde los cuatro a\u00f1os, cuando empec\u00e9 a esquiar. Se me viene a la cabeza todo el trabajo que hice para llegar hasta ac\u00e1 y me emociono. Ven\u00eda con el objetivo de ganar el oro salto y ahora ya puedo decir que soy campeona del mundo\u00bb dijo desde Canad\u00e1 Valentina Gonz\u00e1lez.<\/p>\n\n\n\n<p>La presea de hoy es la cuarta de la campeona chilena en Campeonatos Mundiales, luego que antes ganara plata (overall en Chile 2017) y bronce (salto en Per\u00fa 2015) en los torneos juniors y bronce (overall en Ucrania 2017) en U21.<\/p>\n\n\n\n<p>El esqu\u00ed n\u00e1utico chileno, por su parte, agigant\u00f3 su notable palmar\u00e9s en los mundiales de esta categor\u00eda, en la que exhibe 2 oros, 1 plata y 3 bronces.<\/p>\n\n\n\n<figure class=\"wp-block-embed-youtube wp-block-embed is-type-video is-provider-youtube wp-embed-aspect-16-9 wp-has-aspect-ratio\"><div class=\"wp-block-embed__wrapper\">\n<iframe loading=\"lazy\" width=\"840\" height=\"473\" src=\"https:\/\/www.youtube.com\/embed\/nEov5ZAqL7g?feature=oembed\" frameborder=\"0\" allow=\"accelerometer; autoplay; encrypted-media; gyroscope; picture-in-picture\" allowfullscreen><\/iframe>\n<\/div><\/figure>\n\n\n\n<figure class=\"wp-block-image\"><img loading=\"lazy\" width=\"1000\" height=\"1000\" src=\"http:\/\/www.esquinautico.cl\/wp-content\/uploads\/2019\/07\/MUNDIALES-U21-2019.jpg\" alt=\"\" class=\"wp-image-8814\" srcset=\"http:\/\/www.esquinautico.cl\/wp-content\/uploads\/2019\/07\/MUNDIALES-U21-2019.jpg 1000w, http:\/\/www.esquinautico.cl\/wp-content\/uploads\/2019\/07\/MUNDIALES-U21-2019-150x150.jpg 150w, http:\/\/www.esquinautico.cl\/wp-content\/uploads\/2019\/07\/MUNDIALES-U21-2019-300x300.jpg 300w, http:\/\/www.esquinautico.cl\/wp-content\/uploads\/2019\/07\/MUNDIALES-U21-2019-768x768.jpg 768w\" sizes=\"(max-width: 1000px) 100vw, 1000px\" \/><figcaption>TODAS LAS MEDALLAS CHILENAS EN LOS MUNDIALES U21<\/figcaption><\/figure>\n\n\n\n<figure class=\"wp-block-image\"><img loading=\"lazy\" width=\"739\" height=\"379\" src=\"http:\/\/www.esquinautico.cl\/wp-content\/uploads\/2019\/05\/U21-6.jpg\" alt=\"\" class=\"wp-image-8724\" srcset=\"http:\/\/www.esquinautico.cl\/wp-content\/uploads\/2019\/05\/U21-6.jpg 739w, http:\/\/www.esquinautico.cl\/wp-content\/uploads\/2019\/05\/U21-6-300x154.jpg 300w\" sizes=\"(max-width: 739px) 100vw, 739px\" \/><figcaption>Chile estar\u00e1 presente en el Campeonato Mundial U21 de Canad\u00e1<\/figcaption><\/figure>\n\n\n\n<p>El Campeonato Mundial U21 se realizar\u00e1 entre el 4 y 7 de julio en Edmonton, Canad\u00e1.<\/p>\n\n\n\n<ul><li>VER: <a href=\"https:\/\/worldwaterskiers.com\/tournament\/19iwwf01\/\"><strong>WEB OFICIAL<\/strong><\/a><\/li><li>VER: <a href=\"http:\/\/iwwf.sport\/wp-content\/uploads\/2019\/03\/Bulletin-1-2019-Under-21-Worlds.pdf\"><strong>BOLET\u00cdN N\u00ba1<\/strong><\/a><\/li><\/ul>\n\n\n\n<p><strong>CHILE EN LOS MUNDIALES U21<\/strong><\/p>\n\n\n\n<p>En su \u00faltima actuaci\u00f3n en los mundiales U21, Chile consigui\u00f3 medalla de bronce gracias a la notable actuaci\u00f3n de Valentina Gonz\u00e1lez, quien finaliz\u00f3 en la tercera posici\u00f3n en el overall en el torneo que se disput\u00f3 en 2017 en Ucrania. <a href=\"http:\/\/www.esquinautico.cl\/?p=7741\"><strong>VER NOTA.<\/strong><\/a><\/p>\n\n\n\n<p>En 2003, sin embargo, Felipe Miranda logr\u00f3 la mejor actuaci\u00f3n chilena en este certamen luego que obtuviera la medalla de oro en el overall y el bronce en salto, en una gran actuaci\u00f3n en las aguas del lago Los Morros de San Bernardo. <a href=\"https:\/\/www.emol.com\/noticias\/deportes\/2008\/01\/06\/287686\/felipe-miranda-se-corona-campeon-mundial-sub-21-de-esqui-nautico.html\"><strong>VER NOTA.<\/strong><\/a><\/p>\n\n\n\n<div class=\"wp-block-image\"><figure class=\"alignleft\"><img loading=\"lazy\" width=\"243\" height=\"336\" src=\"http:\/\/www.esquinautico.cl\/wp-content\/uploads\/2019\/05\/File_200816183734.jpg\" alt=\"\" class=\"wp-image-8730\" srcset=\"http:\/\/www.esquinautico.cl\/wp-content\/uploads\/2019\/05\/File_200816183734.jpg 243w, http:\/\/www.esquinautico.cl\/wp-content\/uploads\/2019\/05\/File_200816183734-217x300.jpg 217w\" sizes=\"(max-width: 243px) 100vw, 243px\" \/><\/figure><\/div>\n\n\n\n<p><strong>MEDALLAS DE CHILE EN MUNDIALES U21<\/strong><\/p>\n\n\n\n<ul><li>2017 &#8211; UCRANIA \/ BRONCE \/ VALENTINA GONZ\u00c1LEZ \/ OVERALL<\/li><li>2008 &#8211; CHILE \/ ORO \/ FELIPE MIRANDA \/ OVERALL<\/li><li>2008 &#8211; CHILE \/ BRONCE \/ FELIPE MIRANDA \/ SALTO<\/li><li>2005 &#8211; ALEMANIA \/ PLATA \/ FELIPE MIRANDA \/ OVERALL<\/li><li>2003 &#8211; CHILE \/ BRONCE \/ RODRIGO MIRANDA \/ OVERALL<\/li><\/ul>\n","protected":false},"excerpt":{"rendered":"<p>\u00abVALE\u00bb GONZ\u00c1LEZ ES CAMPEONA MUNDIAL DE SALTO Valentina Gonz\u00e1lez se consagr\u00f3 esta tarde campeona mundial de salto tras ganar la<\/p>\n","protected":false},"author":2,"featured_media":8810,"parent":0,"menu_order":0,"comment_status":"closed","ping_status":"closed","template":"","meta":[],"_links":{"self":[{"href":"http:\/\/www.esquinautico.cl\/index.php?rest_route=\/wp\/v2\/pages\/8714"}],"collection":[{"href":"http:\/\/www.esquinautico.cl\/index.php?rest_route=\/wp\/v2\/pages"}],"about":[{"href":"http:\/\/www.esquinautico.cl\/index.php?rest_route=\/wp\/v2\/types\/page"}],"author":[{"embeddable":true,"href":"http:\/\/www.esquinautico.cl\/index.php?rest_route=\/wp\/v2\/users\/2"}],"replies":[{"embeddable":true,"href":"http:\/\/www.esquinautico.cl\/index.php?rest_route=%2Fwp%2Fv2%2Fcomments&post=8714"}],"version-history":[{"count":8,"href":"http:\/\/www.esquinautico.cl\/index.php?rest_route=\/wp\/v2\/pages\/8714\/revisions"}],"predecessor-version":[{"id":8815,"href":"http:\/\/www.esquinautico.cl\/index.php?rest_route=\/wp\/v2\/pages\/8714\/revisions\/8815"}],"wp:featuredmedia":[{"embeddable":true,"href":"http:\/\/www.esquinautico.cl\/index.php?rest_route=\/wp\/v2\/media\/8810"}],"wp:attachment":[{"href":"http:\/\/www.esquinautico.cl\/index.php?rest_route=%2Fwp%2Fv2%2Fmedia&parent=8714"}],"curies":[{"name":"wp","href":"https:\/\/api.w.org\/{rel}","templated":true}]}}

<p><strong>«VALE» GONZÁLEZ ES CAMPEONA MUNDIAL DE SALTO</strong></p>



<p>Valentina González se consagró esta tarde campeona mundial de salto tras ganar la final de la rampa en el Campeonato Mundial U21 que se está disputando en Edmonton, Canadá.</p>



<p>Un brinco de 47,5 metros le permitió a la seleccionada chilena superar a la canadiense Dominique Grondin Allard (plata con 46,1) y a la suiza Rea Jörger (bronce con 46 metros) y así alcanzar por primera vez en su carrera un título del mundo.</p>



<p>«Es un sueño que tenía desde los cuatro años, cuando empecé a esquiar. Se me viene a la cabeza todo el trabajo que hice para llegar hasta acá y me emociono. Venía con el objetivo de ganar el oro salto y ahora ya puedo decir que soy campeona del mundo» dijo desde Canadá Valentina González.</p>



<p>La presea de hoy es la cuarta de la campeona chilena en Campeonatos Mundiales, luego que antes ganara plata (overall en Chile 2017) y bronce (salto en Perú 2015) en los torneos juniors y bronce (overall en Ucrania 2017) en U21.</p>



<p>El esquí náutico chileno, por su parte, agigantó su notable palmarés en los mundiales de esta categoría, en la que exhibe 2 oros, 1 plata y 3 bronces.</p>



<figure class="wp-block-embed-youtube wp-block-embed is-type-video is-provider-youtube wp-embed-aspect-16-9 wp-has-aspect-ratio"><div class="wp-block-embed__wrapper">
<iframe loading="lazy" width="840" height="473" src="https://www.youtube.com/embed/nEov5ZAqL7g?feature=oembed" frameborder="0" allow="accelerometer; autoplay; encrypted-media; gyroscope; picture-in-picture" allowfullscreen></iframe>
</div></figure>



<figure class="wp-block-image"><img loading="lazy" width="1000" height="1000" src="http://www.esquinautico.cl/wp-content/uploads/2019/07/MUNDIALES-U21-2019.jpg" alt="" class="wp-image-8814" srcset="http://www.esquinautico.cl/wp-content/uploads/2019/07/MUNDIALES-U21-2019.jpg 1000w, http://www.esquinautico.cl/wp-content/uploads/2019/07/MUNDIALES-U21-2019-150x150.jpg 150w, http://www.esquinautico.cl/wp-content/uploads/2019/07/MUNDIALES-U21-2019-300x300.jpg 300w, http://www.esquinautico.cl/wp-content/uploads/2019/07/MUNDIALES-U21-2019-768x768.jpg 768w" sizes="(max-width: 1000px) 100vw, 1000px" /><figcaption>TODAS LAS MEDALLAS CHILENAS EN LOS MUNDIALES U21</figcaption></figure>



<figure class="wp-block-image"><img loading="lazy" width="739" height="379" src="http://www.esquinautico.cl/wp-content/uploads/2019/05/U21-6.jpg" alt="" class="wp-image-8724" srcset="http://www.esquinautico.cl/wp-content/uploads/2019/05/U21-6.jpg 739w, http://www.esquinautico.cl/wp-content/uploads/2019/05/U21-6-300x154.jpg 300w" sizes="(max-width: 739px) 100vw, 739px" /><figcaption>Chile estará presente en el Campeonato Mundial U21 de Canadá</figcaption></figure>



<p>El Campeonato Mundial U21 se realizará entre el 4 y 7 de julio en Edmonton, Canadá.</p>



<ul><li>VER: <a href="https://worldwaterskiers.com/tournament/19iwwf01/"><strong>WEB OFICIAL</strong></a></li><li>VER: <a href="http://iwwf.sport/wp-content/uploads/2019/03/Bulletin-1-2019-Under-21-Worlds.pdf"><strong>BOLETÍN Nº1</strong></a></li></ul>



<p><strong>CHILE EN LOS MUNDIALES U21</strong></p>



<p>En su última actuación en los mundiales U21, Chile consiguió medalla de bronce gracias a la notable actuación de Valentina González, quien finalizó en la tercera posición en el overall en el torneo que se disputó en 2017 en Ucrania. <a href="http://www.esquinautico.cl/?p=7741"><strong>VER NOTA.</strong></a></p>



<p>En 2003, sin embargo, Felipe Miranda logró la mejor actuación chilena en este certamen luego que obtuviera la medalla de oro en el overall y el bronce en salto, en una gran actuación en las aguas del lago Los Morros de San Bernardo. <a href="https://www.emol.com/noticias/deportes/2008/01/06/287686/felipe-miranda-se-corona-campeon-mundial-sub-21-de-esqui-nautico.html"><strong>VER NOTA.</strong></a></p>



<div class="wp-block-image"><figure class="alignleft"><img loading="lazy" width="243" height="336" src="http://www.esquinautico.cl/wp-content/uploads/2019/05/File_200816183734.jpg" alt="" class="wp-image-8730" srcset="http://www.esquinautico.cl/wp-content/uploads/2019/05/File_200816183734.jpg 243w, http://www.esquinautico.cl/wp-content/uploads/2019/05/File_200816183734-217x300.jpg 217w" sizes="(max-width: 243px) 100vw, 243px" /></figure></div>



<p><strong>MEDALLAS DE CHILE EN MUNDIALES U21</strong></p>



<ul><li>2017 &#8211; UCRANIA / BRONCE / VALENTINA GONZÁLEZ / OVERALL</li><li>2008 &#8211; CHILE / ORO / FELIPE MIRANDA / OVERALL</li><li>2008 &#8211; CHILE / BRONCE / FELIPE MIRANDA / SALTO</li><li>2005 &#8211; ALEMANIA / PLATA / FELIPE MIRANDA / OVERALL</li><li>2003 &#8211; CHILE / BRONCE / RODRIGO MIRANDA / OVERALL</li></ul>

<p>«VALE» GONZÁLEZ ES CAMPEONA MUNDIAL DE SALTO Valentina González se consagró esta tarde campeona mundial de salto tras ganar la</p>
