{"id":10036,"date":"2022-02-21T19:39:15","date_gmt":"2022-02-21T19:39:15","guid":{"rendered":"http:\/\/www.esquinautico.cl\/?page_id=10036"},"modified":"2025-05-02T15:07:04","modified_gmt":"2025-05-02T15:07:04","slug":"actas-oficiales-fcew","status":"publish","type":"page","link":"https:\/\/www.esquinautico.cl\/?page_id=10036","title":{"rendered":"ACTAS OFICIALES FCEW"},"content":{"rendered":"\n<ul><li><a href=\"http:\/\/www.esquinautico.cl\/wp-content\/uploads\/2024\/08\/ACTA-REUNION-DIRECTORIO-N\u00b0117.pdf\"><strong>ACTA REUNI\u00d3N N\u00ba 117<\/strong><\/a> \/ 30 MARZO DE 2023<\/li><li><a href=\"http:\/\/www.esquinautico.cl\/wp-content\/uploads\/2024\/08\/ACTA-REUNION-DIRECTORIO-N\u00b0118.pdf\"><strong>ACTA REUNI\u00d3N N\u00ba 118<\/strong><\/a> \/ 20 JULIO DE 2023<\/li><li><a href=\"http:\/\/www.esquinautico.cl\/wp-content\/uploads\/2024\/08\/ACTA-REUNION-DIRECTORIO-N\u00b0119.pdf\"><strong>ACTA REUNI\u00d3N N\u00ba 119<\/strong><\/a> \/ 3 AGOSTO DE 2023<\/li><li><a href=\"http:\/\/www.esquinautico.cl\/wp-content\/uploads\/2024\/08\/ACTA-REUNION-DIRECTORIO-N\u00b0120-1.pdf\"><strong>ACTA REUNI\u00d3N N\u00ba 120<\/strong><\/a> \/ 30 AGOSTO DE 2023<\/li><li><a href=\"http:\/\/www.esquinautico.cl\/wp-content\/uploads\/2024\/08\/ACTA-REUNION-DIRECTORIO-N\u00b0121.pdf\"><strong>ACTA REUNI\u00d3N N\u00ba 121<\/strong><\/a> \/ 3 OCTUBRE DE 2023<\/li><li><a href=\"http:\/\/www.esquinautico.cl\/wp-content\/uploads\/2024\/08\/ACTA-REUNION-DIRECTORIO-N\u00b0122.pdf\"><strong>ACTA REUNI\u00d3N N\u00ba 122<\/strong><\/a> \/ 3 NOVIEMBRE DE 2023<\/li><li><a href=\"http:\/\/www.esquinautico.cl\/wp-content\/uploads\/2024\/08\/ACTA-REUNION-DIRECTORIO-N\u00b0123.pdf\"><strong>ACTA REUNI\u00d3N N\u00ba 123<\/strong><\/a> \/ 27 NOVIEMBRE DE 2023<\/li><li><a href=\"http:\/\/www.esquinautico.cl\/wp-content\/uploads\/2024\/08\/ACTA-REUNION-DIRECTORIO-N\u00b0124.pdf\"><strong>ACTA REUNI\u00d3N N\u00ba 124<\/strong><\/a> \/ 23 ENERO DE 2024<\/li><li><a href=\"http:\/\/www.esquinautico.cl\/wp-content\/uploads\/2024\/08\/ACTA-REUNION-DIRECTORIO-N\u00b0125.pdf\"><strong>ACTA REUNI\u00d3N N\u00ba 125<\/strong><\/a> \/ 8 ABRIL DE 2024<\/li><li><a href=\"http:\/\/www.esquinautico.cl\/wp-content\/uploads\/2024\/08\/ACTA-REUNION-DIRECTORIO-N\u00b0126.pdf\"><strong>ACTA REUNI\u00d3N N\u00ba 126<\/strong><\/a> \/ 25 JUNIO DE 2024<\/li><li>___________________________________________<\/li><li><a href=\"http:\/\/www.esquinautico.cl\/wp-content\/uploads\/2023\/12\/Actas-Directorio-No-119-Y-120.pdf\"><strong>ACTA REUNI\u00d3N N\u00ba 119 Y 120 DIRECTORIO \/ 3 OCTUBRE &#8211; 3 NOVIEMBRE 2023<\/strong><\/a><\/li><li><a href=\"http:\/\/www.esquinautico.cl\/wp-content\/uploads\/2023\/10\/ACTA-REUNION-DIRECTORIO-N\u00b0120.pdf\"><strong>ACTA REUNI\u00d3N N\u00ba 120 DIRECTORIO \/ 30 AGOSTO 2023<\/strong><\/a><\/li><li><a href=\"http:\/\/www.esquinautico.cl\/wp-content\/uploads\/2023\/10\/ACTA-REUNION-COMISION-TECN-N\u00b0119.pdf\"><strong>ACTA REUNI\u00d3N N\u00ba 119 COMISI\u00d3N T\u00c9CNICA \/ 3 AGOSTO 2023<\/strong><\/a><\/li><li><a href=\"http:\/\/www.esquinautico.cl\/wp-content\/uploads\/2023\/08\/ACTA-REUION-DIRECTORIO-No-Julio-2023-1.pdf\"><strong>ACTA REUNI\u00d3N N\u00ba 118 \/ 20 JULIO 2023<\/strong><\/a><\/li><li><a href=\"http:\/\/www.esquinautico.cl\/wp-content\/uploads\/2022\/02\/Acta-Reunio\u0301n-Comisio\u0301n-Te\u0301cnica-13-01-22-v2.pdf\"><strong>ACTA COMISI\u00d3N T\u00c9CNICA ESQU\u00cd N\u00c1UTICO \/ 13 ENERO 2022 <\/strong><\/a><\/li><li><a href=\"http:\/\/www.esquinautico.cl\/wp-content\/uploads\/2022\/02\/Acta-Reunio\u0301n-Comisio\u0301n-Te\u0301cnica-13-01-22-Wakebord-v2.pdf\"><strong>ACTA COMISI\u00d3N T\u00c9CNICA WAKEBOARD \/ 13 ENERO 2022<\/strong><\/a><\/li><\/ul>\n","protected":false},"excerpt":{"rendered":"<p>ACTA REUNI\u00d3N N\u00ba 117 \/ 30 MARZO DE 2023 ACTA REUNI\u00d3N N\u00ba 118 \/ 20 JULIO DE 2023 ACTA REUNI\u00d3N<\/p>\n","protected":false},"author":2,"featured_media":10940,"parent":0,"menu_order":0,"comment_status":"closed","ping_status":"closed","template":"","meta":[],"_links":{"self":[{"href":"https:\/\/www.esquinautico.cl\/index.php?rest_route=\/wp\/v2\/pages\/10036"}],"collection":[{"href":"https:\/\/www.esquinautico.cl\/index.php?rest_route=\/wp\/v2\/pages"}],"about":[{"href":"https:\/\/www.esquinautico.cl\/index.php?rest_route=\/wp\/v2\/types\/page"}],"author":[{"embeddable":true,"href":"https:\/\/www.esquinautico.cl\/index.php?rest_route=\/wp\/v2\/users\/2"}],"replies":[{"embeddable":true,"href":"https:\/\/www.esquinautico.cl\/index.php?rest_route=%2Fwp%2Fv2%2Fcomments&post=10036"}],"version-history":[{"count":8,"href":"https:\/\/www.esquinautico.cl\/index.php?rest_route=\/wp\/v2\/pages\/10036\/revisions"}],"predecessor-version":[{"id":10944,"href":"https:\/\/www.esquinautico.cl\/index.php?rest_route=\/wp\/v2\/pages\/10036\/revisions\/10944"}],"wp:featuredmedia":[{"embeddable":true,"href":"https:\/\/www.esquinautico.cl\/index.php?rest_route=\/wp\/v2\/media\/10940"}],"wp:attachment":[{"href":"https:\/\/www.esquinautico.cl\/index.php?rest_route=%2Fwp%2Fv2%2Fmedia&parent=10036"}],"curies":[{"name":"wp","href":"https:\/\/api.w.org\/{rel}","templated":true}]}}