{"id":1480,"date":"2011-10-13T22:58:36","date_gmt":"2011-10-13T22:58:36","guid":{"rendered":"http:\/\/www.esquinautico.cl\/?page_id=1480"},"modified":"2020-09-16T14:50:39","modified_gmt":"2020-09-16T14:50:39","slug":"subvencion-latinoamericano","status":"publish","type":"page","link":"https:\/\/www.esquinautico.cl\/?page_id=1480","title":{"rendered":"Bases y Reglamentos"},"content":{"rendered":"<p><a href=\"http:\/\/www.esquinautico.cl\/wp-content\/uploads\/2011\/10\/DSC_7348.jpg\"><img loading=\"lazy\" src=\"http:\/\/www.esquinautico.cl\/wp-content\/uploads\/2011\/10\/DSC_7348.jpg\" alt=\"DSC_7348\" width=\"600\" height=\"300\" \/><\/a><\/p>\n<p>Descargar:<\/p>\n<p>DOCUMENTOS 2020<\/p>\n<ul>\n<li><strong><span style=\"color: #ff0000;\"><a style=\"color: #ff0000;\" href=\"http:\/\/www.esquinautico.cl\/wp-content\/uploads\/2020\/09\/Acta-Comite-Tecnico-27-07-20.pdf\">ACTA REUNI\u00d3N COMISI\u00d3N T\u00c9CNICA (JULIO 2020)<\/a><\/span><\/strong><\/li>\n<\/ul>\n<ul>\n<li><strong><a href=\"http:\/\/www.esquinautico.cl\/wp-content\/uploads\/2019\/05\/Acuerdo-Te\u0301cnico-Wakeboard-1.pdf\">Acuerdo T\u00e9cnico Wakeboard<\/a><\/strong><\/li>\n<li><strong><a style=\"font-size: 1.0625rem;\" href=\"http:\/\/www.esquinautico.cl\/wp-content\/uploads\/2018\/08\/Acuerdo-Reunio\u0301n-N\u00ba-2-Comisio\u0301n-Te\u0301cnica..pdf\">Acuerdo Reunio\u0301n N\u00ba 2 Comisio\u0301n Te\u0301cnica.<\/a><\/strong><\/li>\n<li><strong><a href=\"http:\/\/www.esquinautico.cl\/wp-content\/uploads\/2018\/08\/Acuerdo-Comision-Te\u0301cnica.pdf\">Acuerdo Comisi\u00f3n T\u00e9cnica<\/a><\/strong><\/li>\n<li><a href=\"http:\/\/www.esquinautico.cl\/wp-content\/uploads\/2011\/10\/Reglamento-2017.pdf\" rel=\"\">Reglamento Nacional 2017<\/a><\/li>\n<li><a href=\"http:\/\/www.esquinautico.cl\/wp-content\/uploads\/2011\/10\/Reglamento-2016.pdf\" rel=\"\">Reglamento Nacional 2016<\/a><\/li>\n<li><a href=\"http:\/\/www.esquinautico.cl\/wp-content\/uploads\/2011\/10\/Reglamento-Mundial-Juvenil-Chile-2016..pdf\">Reglamento Mundial Juvenil Chile 2016<\/a><\/li>\n<li><a href=\"http:\/\/www.esquinautico.cl\/wp-content\/uploads\/2011\/10\/Reglamento-2015..pdf\">Reglamento 2015<\/a><\/li>\n<li><a href=\"http:\/\/www.esquinautico.cl\/wp-content\/uploads\/2011\/10\/Reglamento-Mundial-OPEN-2015.pdf\">Reglamento Mundial OPEN 2015<\/a><\/li>\n<li><a href=\"http:\/\/www.esquinautico.cl\/documento\/SUBVENCION_LATINOAMERICANO.pdf\" target=\"_blank\" rel=\"noopener\">Subvenci\u00f3n Latinoamericano Mexico 2011<\/a><\/li>\n<li><a href=\"http:\/\/www.esquinautico.cl\/documento\/SUBVENCION_2012.pdf\" target=\"_blank\" rel=\"noopener\">Subvenci\u00f3n Latinoamericano Peru 2012<\/a><\/li>\n<li><a href=\"http:\/\/www.esquinautico.cl\/wp-content\/uploads\/2011\/10\/Reglamento-Latinoamericano-Per\u00fa-2012.pdf\">Marcas M\u00ednimas Latino Per\u00fa 2012<\/a> y Panam USA 2012<\/li>\n<li><a href=\"http:\/\/www.esquinautico.cl\/wp-content\/uploads\/2011\/10\/REGLAMENTO-LATINO-2011-2012-SLALOM-FIGURAS-SALTO.pdf\">REGLAMENTO LATINO 2011-2012 (SLALOM-FIGURAS-SALTO)<\/a><\/li>\n<li><a href=\"http:\/\/www.esquinautico.cl\/wp-content\/uploads\/2011\/10\/Reglamento-Mundial-Juvenil-Australia-2013-.pdf\">Reglamento Mundial Juvenil Australia<\/a><\/li>\n<li><a href=\"http:\/\/www.esquinautico.cl\/wp-content\/uploads\/2011\/10\/REGLAMENTO-LATINOAMERICANO-2013.pdf\">REGLAMENTO LATINOAMERICANO 2013<\/a><\/li>\n<\/ul>\n","protected":false},"excerpt":{"rendered":"<p>Descargar: DOCUMENTOS 2020 ACTA REUNI\u00d3N COMISI\u00d3N T\u00c9CNICA (JULIO 2020) Acuerdo T\u00e9cnico Wakeboard Acuerdo Reunio\u0301n N\u00ba 2 Comisio\u0301n Te\u0301cnica. Acuerdo Comisi\u00f3n<\/p>\n","protected":false},"author":3,"featured_media":0,"parent":293,"menu_order":0,"comment_status":"closed","ping_status":"open","template":"","meta":[],"_links":{"self":[{"href":"https:\/\/www.esquinautico.cl\/index.php?rest_route=\/wp\/v2\/pages\/1480"}],"collection":[{"href":"https:\/\/www.esquinautico.cl\/index.php?rest_route=\/wp\/v2\/pages"}],"about":[{"href":"https:\/\/www.esquinautico.cl\/index.php?rest_route=\/wp\/v2\/types\/page"}],"author":[{"embeddable":true,"href":"https:\/\/www.esquinautico.cl\/index.php?rest_route=\/wp\/v2\/users\/3"}],"replies":[{"embeddable":true,"href":"https:\/\/www.esquinautico.cl\/index.php?rest_route=%2Fwp%2Fv2%2Fcomments&post=1480"}],"version-history":[{"count":27,"href":"https:\/\/www.esquinautico.cl\/index.php?rest_route=\/wp\/v2\/pages\/1480\/revisions"}],"predecessor-version":[{"id":9281,"href":"https:\/\/www.esquinautico.cl\/index.php?rest_route=\/wp\/v2\/pages\/1480\/revisions\/9281"}],"up":[{"embeddable":true,"href":"https:\/\/www.esquinautico.cl\/index.php?rest_route=\/wp\/v2\/pages\/293"}],"wp:attachment":[{"href":"https:\/\/www.esquinautico.cl\/index.php?rest_route=%2Fwp%2Fv2%2Fmedia&parent=1480"}],"curies":[{"name":"wp","href":"https:\/\/api.w.org\/{rel}","templated":true}]}}