{"id":7883,"date":"2018-03-08T19:54:43","date_gmt":"2018-03-08T19:54:43","guid":{"rendered":"http:\/\/www.esquinautico.cl\/?page_id=7883"},"modified":"2019-01-14T17:46:30","modified_gmt":"2019-01-14T17:46:30","slug":"mundial-senior-chile-2018","status":"publish","type":"page","link":"https:\/\/www.esquinautico.cl\/?page_id=7883","title":{"rendered":"MUNDIAL SENIOR &#8211; CHILE 2018"},"content":{"rendered":"<p><strong>RODRIGO MIRANDA ES CAMPE\u00d3N MUNDIAL SENIOR DE SALTO<\/strong><\/p>\n<p><a href=\"http:\/\/www.esquinautico.cl\/wp-content\/uploads\/2018\/12\/DUBRA.jpeg\"><img loading=\"lazy\" class=\"alignleft size-full wp-image-8446\" src=\"http:\/\/www.esquinautico.cl\/wp-content\/uploads\/2018\/12\/DUBRA.jpeg\" alt=\"\" width=\"830\" height=\"400\" srcset=\"https:\/\/www.esquinautico.cl\/wp-content\/uploads\/2018\/12\/DUBRA.jpeg 830w, https:\/\/www.esquinautico.cl\/wp-content\/uploads\/2018\/12\/DUBRA-300x145.jpeg 300w, https:\/\/www.esquinautico.cl\/wp-content\/uploads\/2018\/12\/DUBRA-768x370.jpeg 768w\" sizes=\"(max-width: 830px) 100vw, 830px\" \/><\/a>Rodrigo Miranda se consagr\u00f3 campe\u00f3n mundial senior de salto tras imponerse en la final del torneo planetario que se disput\u00f3 en Los Morros.<\/p>\n<p>El seleccionado chileno marc\u00f3 63,8 metros y super\u00f3 en la definici\u00f3n al estadounidense Jimmy Siemers, quien ocup\u00f3 el segundo puesto con 63,4 metros.<\/p>\n<p>Miranda, adem\u00e1s, logr\u00f3 medalla de plata en la final de figuras y overall, alcanzando as\u00ed las tres primeras medallas chilenas en un Campeonato Mundial Serior de la IWWSF. En 2003, Carlos Chicharro, obtuvo medalla de bronce en el torneo senior de Rusia, pero la IWWSF ha considerado como oficiales los Mundiales que se desarrollaron a partir de 2010.<\/p>\n<p>Otros chilenos destacados en la cita mundialista fueron Robert Ritter, quien ocup\u00f3 el s\u00e9ptimo puesto en la final de figuras con 2.420 puntos y Christian Bar, quien estuvo a un lugar de clasificar a la final de slalom +55 y termin\u00f3 finalmente en el puesto 11 (1,5 a 11,25)<\/p>\n<p>Tambi\u00e9n destacaron Rub\u00e9n Rosenberg (13 en slalom +55); Agust\u00edn Solari (13 en slalom +45); Michelle Lehued\u00e9 (sexta en figuras +35); Mar\u00eda Graciela Desgroux (12 en slalom +55), entre otras figuras.<\/p>\n<p><strong>DESCARGAR:\u00a0<a href=\"http:\/\/www.esquinautico.cl\/wp-content\/uploads\/2018\/12\/2018-MUNDIAL-SENIOR-CHILE.pdf\">RESULTADOS<\/a><\/strong><\/p>\n<p><strong><a href=\"http:\/\/www.esquinautico.cl\/wp-content\/uploads\/2018\/10\/SENIOR.jpg\"><img loading=\"lazy\" class=\"alignleft size-full wp-image-8407\" src=\"http:\/\/www.esquinautico.cl\/wp-content\/uploads\/2018\/10\/SENIOR.jpg\" alt=\"\" width=\"1000\" height=\"1000\" srcset=\"https:\/\/www.esquinautico.cl\/wp-content\/uploads\/2018\/10\/SENIOR.jpg 1000w, https:\/\/www.esquinautico.cl\/wp-content\/uploads\/2018\/10\/SENIOR-150x150.jpg 150w, https:\/\/www.esquinautico.cl\/wp-content\/uploads\/2018\/10\/SENIOR-300x300.jpg 300w, https:\/\/www.esquinautico.cl\/wp-content\/uploads\/2018\/10\/SENIOR-768x768.jpg 768w\" sizes=\"(max-width: 1000px) 100vw, 1000px\" \/><\/a>DESCARGAR:\u00a0<a href=\"http:\/\/www.esquinautico.cl\/wp-content\/uploads\/2018\/03\/2018-IWWF-World-Over-35-Waterski-Championships-Official-Bulletin-1.pdf\">BOLET\u00cdN 1<\/a><\/strong><\/p>\n<p><strong>DESCARGAR: <a href=\"http:\/\/www.esquinautico.cl\/wp-content\/uploads\/2018\/10\/2018-IWWF-World-Over-35-Waterski-Championships-Bulletin-2.0.pdf\">BOLET\u00cdN 2<\/a><\/strong><\/p>\n","protected":false},"excerpt":{"rendered":"<p>RODRIGO MIRANDA ES CAMPE\u00d3N MUNDIAL SENIOR DE SALTO Rodrigo Miranda se consagr\u00f3 campe\u00f3n mundial senior de salto tras imponerse en<\/p>\n","protected":false},"author":2,"featured_media":0,"parent":0,"menu_order":0,"comment_status":"closed","ping_status":"closed","template":"","meta":[],"_links":{"self":[{"href":"https:\/\/www.esquinautico.cl\/index.php?rest_route=\/wp\/v2\/pages\/7883"}],"collection":[{"href":"https:\/\/www.esquinautico.cl\/index.php?rest_route=\/wp\/v2\/pages"}],"about":[{"href":"https:\/\/www.esquinautico.cl\/index.php?rest_route=\/wp\/v2\/types\/page"}],"author":[{"embeddable":true,"href":"https:\/\/www.esquinautico.cl\/index.php?rest_route=\/wp\/v2\/users\/2"}],"replies":[{"embeddable":true,"href":"https:\/\/www.esquinautico.cl\/index.php?rest_route=%2Fwp%2Fv2%2Fcomments&post=7883"}],"version-history":[{"count":5,"href":"https:\/\/www.esquinautico.cl\/index.php?rest_route=\/wp\/v2\/pages\/7883\/revisions"}],"predecessor-version":[{"id":8465,"href":"https:\/\/www.esquinautico.cl\/index.php?rest_route=\/wp\/v2\/pages\/7883\/revisions\/8465"}],"wp:attachment":[{"href":"https:\/\/www.esquinautico.cl\/index.php?rest_route=%2Fwp%2Fv2%2Fmedia&parent=7883"}],"curies":[{"name":"wp","href":"https:\/\/api.w.org\/{rel}","templated":true}]}}