{"id":8496,"date":"2019-02-19T00:55:04","date_gmt":"2019-02-19T00:55:04","guid":{"rendered":"http:\/\/www.esquinautico.cl\/?page_id=8496"},"modified":"2019-05-04T05:35:11","modified_gmt":"2019-05-04T05:35:11","slug":"rosario-2019","status":"publish","type":"page","link":"https:\/\/www.esquinautico.cl\/?page_id=8496","title":{"rendered":"JUEGOS SUDAMERICANOS DE PLAYA &#8211; ROSARIO 2019"},"content":{"rendered":"\n<p><strong>TEAM CHILE DE ESQU\u00cd N\u00c1UTICO Y WAKEBOARD SE LUCIERON EN ARGENTINA<\/strong><\/p>\n\n\n\n<p>Nuevamente el seleccionado nacional de esqu\u00ed n\u00e1utico sac\u00f3 a relucir su condici\u00f3n de deporte estrat\u00e9gico y fue clave en la actuaci\u00f3n del Team Chile en los Juegos Sudamericanos de Playa, que se realizan en Rosario, Argentina.<\/p>\n\n\n\n<p>Esta vez el esqu\u00ed aport\u00f3 con tres oros y un bronce, medallas que est\u00e1n siendo determinantes en el segundo lugar que ocupa por ahora la delegaci\u00f3n nacional en pistas trasandinas.<\/p>\n\n\n\n<p>Toti Miranda, con oro en salto y overall, es la m\u00e1xima figura de la delegaci\u00f3n y en la pista respondi\u00f3 con el m\u00e1ximo logro a su condici\u00f3n de abanderado nacional en esta competencia.<\/p>\n\n\n\n<p>Fernanda Naser tambi\u00e9n brill\u00f3 en Puerto Rold\u00e1n y con un oro en slalom sum\u00f3 chances adem\u00e1s para sumarse al Team Chile que disputar\u00e1 a mediados de a\u00f1o los Juegos Panamericanos de Lima 2019.<\/p>\n\n\n\n<p>El bronce, en tanto, fue obra de Mart\u00edn Labra, quien volvi\u00f3 a demostrar su enorme potencial y se instal\u00f3 con apenas 13 a\u00f1os en el podio sudamericano de figuras, exhibiendo una pasada que lo proyecta en grande en la prueba de las piruetas.<\/p>\n\n\n\n<ul class=\"wp-container-2 wp-block-gallery-1 wp-block-gallery columns-3 is-cropped\"><li class=\"blocks-gallery-item\"><figure><img loading=\"lazy\" width=\"1024\" height=\"768\" src=\"http:\/\/www.esquinautico.cl\/wp-content\/uploads\/2019\/03\/WhatsApp-Image-2019-03-15-at-07.27.37-1024x768.jpeg\" alt=\"\" data-id=\"8562\" data-link=\"http:\/\/www.esquinautico.cl\/?attachment_id=8562\" class=\"wp-image-8562\" srcset=\"https:\/\/www.esquinautico.cl\/wp-content\/uploads\/2019\/03\/WhatsApp-Image-2019-03-15-at-07.27.37-1024x768.jpeg 1024w, https:\/\/www.esquinautico.cl\/wp-content\/uploads\/2019\/03\/WhatsApp-Image-2019-03-15-at-07.27.37-300x225.jpeg 300w, https:\/\/www.esquinautico.cl\/wp-content\/uploads\/2019\/03\/WhatsApp-Image-2019-03-15-at-07.27.37-768x576.jpeg 768w, https:\/\/www.esquinautico.cl\/wp-content\/uploads\/2019\/03\/WhatsApp-Image-2019-03-15-at-07.27.37.jpeg 1280w\" sizes=\"(max-width: 1024px) 100vw, 1024px\" \/><\/figure><\/li><li class=\"blocks-gallery-item\"><figure><img loading=\"lazy\" width=\"768\" height=\"1024\" src=\"http:\/\/www.esquinautico.cl\/wp-content\/uploads\/2019\/03\/WhatsApp-Image-2019-03-16-at-10.48.23-768x1024.jpeg\" alt=\"\" data-id=\"8563\" data-link=\"http:\/\/www.esquinautico.cl\/?attachment_id=8563\" class=\"wp-image-8563\" srcset=\"https:\/\/www.esquinautico.cl\/wp-content\/uploads\/2019\/03\/WhatsApp-Image-2019-03-16-at-10.48.23-768x1024.jpeg 768w, https:\/\/www.esquinautico.cl\/wp-content\/uploads\/2019\/03\/WhatsApp-Image-2019-03-16-at-10.48.23-225x300.jpeg 225w, https:\/\/www.esquinautico.cl\/wp-content\/uploads\/2019\/03\/WhatsApp-Image-2019-03-16-at-10.48.23.jpeg 960w\" sizes=\"(max-width: 768px) 100vw, 768px\" \/><\/figure><\/li><li class=\"blocks-gallery-item\"><figure><img loading=\"lazy\" width=\"1024\" height=\"576\" src=\"http:\/\/www.esquinautico.cl\/wp-content\/uploads\/2019\/03\/WhatsApp-Image-2019-03-16-at-16.52.39-1024x576.jpeg\" alt=\"\" data-id=\"8564\" data-link=\"http:\/\/www.esquinautico.cl\/?attachment_id=8564\" class=\"wp-image-8564\" srcset=\"https:\/\/www.esquinautico.cl\/wp-content\/uploads\/2019\/03\/WhatsApp-Image-2019-03-16-at-16.52.39-1024x576.jpeg 1024w, https:\/\/www.esquinautico.cl\/wp-content\/uploads\/2019\/03\/WhatsApp-Image-2019-03-16-at-16.52.39-300x169.jpeg 300w, https:\/\/www.esquinautico.cl\/wp-content\/uploads\/2019\/03\/WhatsApp-Image-2019-03-16-at-16.52.39-768x432.jpeg 768w, https:\/\/www.esquinautico.cl\/wp-content\/uploads\/2019\/03\/WhatsApp-Image-2019-03-16-at-16.52.39.jpeg 1280w\" sizes=\"(max-width: 1024px) 100vw, 1024px\" \/><\/figure><\/li><li class=\"blocks-gallery-item\"><figure><img loading=\"lazy\" width=\"1024\" height=\"576\" src=\"http:\/\/www.esquinautico.cl\/wp-content\/uploads\/2019\/03\/WhatsApp-Image-2019-03-16-at-17.09.13-1024x576.jpeg\" alt=\"\" data-id=\"8565\" data-link=\"http:\/\/www.esquinautico.cl\/?attachment_id=8565\" class=\"wp-image-8565\" srcset=\"https:\/\/www.esquinautico.cl\/wp-content\/uploads\/2019\/03\/WhatsApp-Image-2019-03-16-at-17.09.13-1024x576.jpeg 1024w, https:\/\/www.esquinautico.cl\/wp-content\/uploads\/2019\/03\/WhatsApp-Image-2019-03-16-at-17.09.13-300x169.jpeg 300w, https:\/\/www.esquinautico.cl\/wp-content\/uploads\/2019\/03\/WhatsApp-Image-2019-03-16-at-17.09.13-768x432.jpeg 768w, https:\/\/www.esquinautico.cl\/wp-content\/uploads\/2019\/03\/WhatsApp-Image-2019-03-16-at-17.09.13.jpeg 1280w\" sizes=\"(max-width: 1024px) 100vw, 1024px\" \/><\/figure><\/li><li class=\"blocks-gallery-item\"><figure><img loading=\"lazy\" width=\"1024\" height=\"682\" src=\"http:\/\/www.esquinautico.cl\/wp-content\/uploads\/2019\/03\/WhatsApp-Image-2019-03-17-at-20.42.47-1024x682.jpeg\" alt=\"\" data-id=\"8566\" data-link=\"http:\/\/www.esquinautico.cl\/?attachment_id=8566\" class=\"wp-image-8566\" srcset=\"https:\/\/www.esquinautico.cl\/wp-content\/uploads\/2019\/03\/WhatsApp-Image-2019-03-17-at-20.42.47-1024x682.jpeg 1024w, https:\/\/www.esquinautico.cl\/wp-content\/uploads\/2019\/03\/WhatsApp-Image-2019-03-17-at-20.42.47-300x200.jpeg 300w, https:\/\/www.esquinautico.cl\/wp-content\/uploads\/2019\/03\/WhatsApp-Image-2019-03-17-at-20.42.47-768x512.jpeg 768w, https:\/\/www.esquinautico.cl\/wp-content\/uploads\/2019\/03\/WhatsApp-Image-2019-03-17-at-20.42.47-120x80.jpeg 120w, https:\/\/www.esquinautico.cl\/wp-content\/uploads\/2019\/03\/WhatsApp-Image-2019-03-17-at-20.42.47-480x320.jpeg 480w, https:\/\/www.esquinautico.cl\/wp-content\/uploads\/2019\/03\/WhatsApp-Image-2019-03-17-at-20.42.47.jpeg 1280w\" sizes=\"(max-width: 1024px) 100vw, 1024px\" \/><\/figure><\/li><li class=\"blocks-gallery-item\"><figure><img loading=\"lazy\" width=\"1024\" height=\"678\" src=\"http:\/\/www.esquinautico.cl\/wp-content\/uploads\/2019\/03\/WhatsApp-Image-2019-03-17-at-20.42.48-1024x678.jpeg\" alt=\"\" data-id=\"8567\" data-link=\"http:\/\/www.esquinautico.cl\/?attachment_id=8567\" class=\"wp-image-8567\" srcset=\"https:\/\/www.esquinautico.cl\/wp-content\/uploads\/2019\/03\/WhatsApp-Image-2019-03-17-at-20.42.48-1024x678.jpeg 1024w, https:\/\/www.esquinautico.cl\/wp-content\/uploads\/2019\/03\/WhatsApp-Image-2019-03-17-at-20.42.48-300x199.jpeg 300w, https:\/\/www.esquinautico.cl\/wp-content\/uploads\/2019\/03\/WhatsApp-Image-2019-03-17-at-20.42.48-768x508.jpeg 768w, https:\/\/www.esquinautico.cl\/wp-content\/uploads\/2019\/03\/WhatsApp-Image-2019-03-17-at-20.42.48-120x80.jpeg 120w, https:\/\/www.esquinautico.cl\/wp-content\/uploads\/2019\/03\/WhatsApp-Image-2019-03-17-at-20.42.48.jpeg 1280w\" sizes=\"(max-width: 1024px) 100vw, 1024px\" \/><\/figure><\/li><\/ul>\n\n\n\n<p><strong>ROSARIO 2019<\/strong><\/p>\n\n\n\n<p>El esqu\u00ed n\u00e1utico ser\u00e1 parte del programa de competencias de los IV Juegos Sudamericanos de Playa de Rosario 2019. M\u00e1s informaci\u00f3n del evento la puedes encontrar en la <a href=\"http:\/\/suramericanos.gob.ar\/\">web oficia<\/a>l. <\/p>\n\n\n\n<p>Tal como ha ocurrido en los otros megaeventos del continente, el esqu\u00ed n\u00e1utico ha sido clave en el palmar\u00e9s del Team Chile logrando excelentes actuaciones. <\/p>\n\n\n\n<ul><li>NOTA: <strong><a href=\"http:\/\/www.esquinautico.cl\/?p=4447\">ACTUACI\u00d3N TEAM CHILE EN VARGAS (VEN) 2014<\/a><\/strong><\/li><li>NOTA: <a href=\"http:\/\/www.esquinautico.cl\/?p=1689\"><strong>ACTUACI\u00d3N TEAM CHILE EN MANTA (ECU) 2011<\/strong><\/a><\/li><li>NOTA: <a href=\"http:\/\/www.esquinautico.cl\/?p=1063\"><strong>ACTUACI\u00d3N TEAM CHILE EN MALDONADO (URU) 2009<\/strong><\/a><\/li><\/ul>\n\n\n\n<h2>TOTI MIRANDA LIDERAR\u00c1 TEAM CHILE EN ROSARIO<\/h2>\n\n\n\n<figure class=\"wp-block-image\"><img loading=\"lazy\" width=\"830\" height=\"400\" src=\"http:\/\/www.esquinautico.cl\/wp-content\/uploads\/2019\/02\/DSC_5359.jpg\" alt=\"\" class=\"wp-image-8504\" srcset=\"https:\/\/www.esquinautico.cl\/wp-content\/uploads\/2019\/02\/DSC_5359.jpg 830w, https:\/\/www.esquinautico.cl\/wp-content\/uploads\/2019\/02\/DSC_5359-300x145.jpg 300w, https:\/\/www.esquinautico.cl\/wp-content\/uploads\/2019\/02\/DSC_5359-768x370.jpg 768w\" sizes=\"(max-width: 830px) 100vw, 830px\" \/><\/figure>\n\n\n\n<p>Rodrigo \u00abToti\u00bb Miranda sum\u00f3 un nuevo hito a su exitosa carrera deportiva luego que fuera nombrado por el Comit\u00e9 Ol\u00edmpico de Chile como abanderado del Team Chile en los <a href=\"https:\/\/suramericanos.gob.ar\/\"><strong>Juegos Sudamericanos de Playa<\/strong><\/a> que se disputar\u00e1n a mediados de marzo en Rosario, Argentina.<\/p>\n\n\n\n<p>Hoy, flanqueado por el Subsecretario del Deporte, Andr\u00e9s Otero y del Presidente del Coch, Miguel Angel Mujica, el medallista mundial recibi\u00f3 la bandera nacional que portar\u00e1 en el desfile de los Juegos y donde encabezar\u00e1 a todo el Team Chile.<\/p>\n\n\n\n<p>\u00abEs un gran orgullo ser el abanderado. Me sorprendi\u00f3 el llamado y obviamente me puse muy contento al saber. Cada vez que competimos por el Team Chile es algo especial y esta vez ser\u00e1 a\u00fan m\u00e1s, pues vamos con un grupo de muchos deportistas j\u00f3venes\u00bb dijo en el acto el seleccionado chileno.<\/p>\n\n\n\n<p>Tanto Miguel Angel Mujica como Andr\u00e9s Otero coincidieron en manifestar su benepl\u00e1cito por la elecci\u00f3n de Miranda como abanderado y destacaron de \u00e9l sus virtudes como atleta y tambi\u00e9n como un referente para las nuevas generaciones de deportistas nacionales.<\/p>\n\n\n\n<p>Los IV Juegos Sudamericanos de Playa se disputar\u00e1n entre el 14 y 23 de marzo, en Rosario. El esqu\u00ed n\u00e1utico se efectuar\u00e1 en las instalaciones del lago  Puerto Rold\u00e1n y actuar\u00e1n junto con Chile deportistas de Argentina, Brasil, Colombia y Per\u00fa.<\/p>\n\n\n\n<p>Chile se presentar\u00e1 con un equipo de seis esquiadores, que integran <strong>Rodrigo Miranda, Mart\u00edn Labra, Fernanda Naser, Josefa Gonz\u00e1lez, Emile Ritter y Diego Chicharro. <\/strong><\/p>\n\n\n\n<p>La Federaci\u00f3n, adem\u00e1s, estar\u00e1 representada por los wakeboardistas Vicente C\u00e1rcamo y Jacinta Bernales.<\/p>\n\n\n\n<figure class=\"wp-block-embed-youtube wp-block-embed is-type-video is-provider-youtube wp-embed-aspect-16-9 wp-has-aspect-ratio\"><div class=\"wp-block-embed__wrapper\">\n<iframe loading=\"lazy\" width=\"840\" height=\"473\" src=\"https:\/\/www.youtube.com\/embed\/gYGl6Pt6uGY?feature=oembed\" frameborder=\"0\" allow=\"accelerometer; autoplay; encrypted-media; gyroscope; picture-in-picture\" allowfullscreen><\/iframe>\n<\/div><figcaption>Miguel Angel Mujica, presidente del Coch<\/figcaption><\/figure>\n\n\n\n<figure class=\"wp-block-embed-youtube wp-block-embed is-type-video is-provider-youtube wp-embed-aspect-16-9 wp-has-aspect-ratio\"><div class=\"wp-block-embed__wrapper\">\n<iframe loading=\"lazy\" width=\"840\" height=\"473\" src=\"https:\/\/www.youtube.com\/embed\/s-ew0D1JtRQ?feature=oembed\" frameborder=\"0\" allow=\"accelerometer; autoplay; encrypted-media; gyroscope; picture-in-picture\" allowfullscreen><\/iframe>\n<\/div><figcaption>Rodrigo Miranda, Team Chile esqu\u00ed n\u00e1utico<\/figcaption><\/figure>\n\n\n\n<p><\/p>\n","protected":false},"excerpt":{"rendered":"<p>TEAM CHILE DE ESQU\u00cd N\u00c1UTICO Y WAKEBOARD SE LUCIERON EN ARGENTINA Nuevamente el seleccionado nacional de esqu\u00ed n\u00e1utico sac\u00f3 a<\/p>\n","protected":false},"author":2,"featured_media":8499,"parent":0,"menu_order":0,"comment_status":"closed","ping_status":"closed","template":"","meta":[],"_links":{"self":[{"href":"https:\/\/www.esquinautico.cl\/index.php?rest_route=\/wp\/v2\/pages\/8496"}],"collection":[{"href":"https:\/\/www.esquinautico.cl\/index.php?rest_route=\/wp\/v2\/pages"}],"about":[{"href":"https:\/\/www.esquinautico.cl\/index.php?rest_route=\/wp\/v2\/types\/page"}],"author":[{"embeddable":true,"href":"https:\/\/www.esquinautico.cl\/index.php?rest_route=\/wp\/v2\/users\/2"}],"replies":[{"embeddable":true,"href":"https:\/\/www.esquinautico.cl\/index.php?rest_route=%2Fwp%2Fv2%2Fcomments&post=8496"}],"version-history":[{"count":9,"href":"https:\/\/www.esquinautico.cl\/index.php?rest_route=\/wp\/v2\/pages\/8496\/revisions"}],"predecessor-version":[{"id":8723,"href":"https:\/\/www.esquinautico.cl\/index.php?rest_route=\/wp\/v2\/pages\/8496\/revisions\/8723"}],"wp:featuredmedia":[{"embeddable":true,"href":"https:\/\/www.esquinautico.cl\/index.php?rest_route=\/wp\/v2\/media\/8499"}],"wp:attachment":[{"href":"https:\/\/www.esquinautico.cl\/index.php?rest_route=%2Fwp%2Fv2%2Fmedia&parent=8496"}],"curies":[{"name":"wp","href":"https:\/\/api.w.org\/{rel}","templated":true}]}}