{"id":9257,"date":"2020-08-05T19:40:33","date_gmt":"2020-08-05T19:40:33","guid":{"rendered":"http:\/\/www.esquinautico.cl\/?page_id=9257"},"modified":"2020-12-28T15:57:53","modified_gmt":"2020-12-28T15:57:53","slug":"ems-iwwf","status":"publish","type":"page","link":"https:\/\/www.esquinautico.cl\/?page_id=9257","title":{"rendered":"EMS &#8211; IWWF"},"content":{"rendered":"\n<p>La Federaci\u00f3n Internacional de Esqu\u00ed N\u00e1utico y Wakeboard (IWWF) est\u00e1 implementando en todas sus federaciones nacionales afiliadas un nuevo sistema de campeonatos, con el que aspira a estandarizar toda la informaci\u00f3n que emana de los torneos.<\/p>\n\n\n\n<p>El ambicioso y trascendente proyecto se encuentra en su etapa de implementaci\u00f3n, fase en la cual se requiere de la colaboraci\u00f3n de todos los esquiadores federados que deseen que sus marcas oficiales sean consideradas en el sistema.<\/p>\n\n\n\n<p>Esta semana la IWWF env\u00edo a la Federaci\u00f3n Chilena de Esqu\u00ed N\u00e1utico y Wakeboard el \u00faltimo Newsletter con la informaci\u00f3n detallada para que los esquiadores y riders creen sus cuentas y pasen a formar parte de esta plataforma.<\/p>\n\n\n\n<ul><li>DESCARGAR: <a href=\"http:\/\/www.esquinautico.cl\/wp-content\/uploads\/2020\/12\/EMS-Newsletter-8.pdf\"><strong>Newsletter N\u00ba8<\/strong><\/a><\/li><li>DESCARGAR: <a href=\"http:\/\/www.esquinautico.cl\/wp-content\/uploads\/2020\/08\/EMS-Newsletter-3.pdf\">Newsletter<\/a><\/li><li>ACCEDER: <a href=\"https:\/\/ems.iwwf.sport\/\">Sitio web oficial del EMS<\/a><\/li><\/ul>\n","protected":false},"excerpt":{"rendered":"<p>La Federaci\u00f3n Internacional de Esqu\u00ed N\u00e1utico y Wakeboard (IWWF) est\u00e1 implementando en todas sus federaciones nacionales afiliadas un nuevo sistema<\/p>\n","protected":false},"author":2,"featured_media":9262,"parent":0,"menu_order":0,"comment_status":"closed","ping_status":"closed","template":"","meta":[],"_links":{"self":[{"href":"https:\/\/www.esquinautico.cl\/index.php?rest_route=\/wp\/v2\/pages\/9257"}],"collection":[{"href":"https:\/\/www.esquinautico.cl\/index.php?rest_route=\/wp\/v2\/pages"}],"about":[{"href":"https:\/\/www.esquinautico.cl\/index.php?rest_route=\/wp\/v2\/types\/page"}],"author":[{"embeddable":true,"href":"https:\/\/www.esquinautico.cl\/index.php?rest_route=\/wp\/v2\/users\/2"}],"replies":[{"embeddable":true,"href":"https:\/\/www.esquinautico.cl\/index.php?rest_route=%2Fwp%2Fv2%2Fcomments&post=9257"}],"version-history":[{"count":4,"href":"https:\/\/www.esquinautico.cl\/index.php?rest_route=\/wp\/v2\/pages\/9257\/revisions"}],"predecessor-version":[{"id":9439,"href":"https:\/\/www.esquinautico.cl\/index.php?rest_route=\/wp\/v2\/pages\/9257\/revisions\/9439"}],"wp:featuredmedia":[{"embeddable":true,"href":"https:\/\/www.esquinautico.cl\/index.php?rest_route=\/wp\/v2\/media\/9262"}],"wp:attachment":[{"href":"https:\/\/www.esquinautico.cl\/index.php?rest_route=%2Fwp%2Fv2%2Fmedia&parent=9257"}],"curies":[{"name":"wp","href":"https:\/\/api.w.org\/{rel}","templated":true}]}}